f = 38. What are the prime factors of j?
3
Suppose -168 - 40 = -2*j. Let w = -47 + j. What are the prime factors of w?
3, 19
Let t(q) = -5*q**3 - 4*q**2 - 4*q + 1. Let p(y) = y + 5. Let f be p(-7). List the prime factors of t(f).
3, 11
Suppose 3*y + 4*b + 10 = 2*b, 0 = -4*y - 3*b - 15. Suppose y = -6*g + 8*g - 112. List the prime factors of g.
2, 7
Let x = -36 + 32. List the prime factors of x/(-14) - (-1422)/21.
2, 17
Suppose -5*y = 3*o + 61, -2 - 2 = 2*o. Let z = 40 - y. What are the prime factors of z?
3, 17
Let f(b) be the second derivative of -b**5/20 - b**4/3 - b**3 - 3*b**2/2 + 4*b. Let t be 3 - 8/12*12. What are the prime factors of f(t)?
2, 13
Suppose 134 - 34 = 2*r. List the prime factors of r/(-4)*36/(-10).
3, 5
Suppose 3*s = 5*y - 2569, -s = -6*y + 9*y - 1547. List the prime factors of y.
5, 103
Let w = 7966 + -5465. What are the prime factors of w?
41, 61
Suppose -15*u = -29*u + 32634. List the prime factors of u.
3, 7, 37
Let k(s) = 4*s + 150. What are the prime factors of k(8)?
2, 7, 13
Let p(i) = 16*i**2 + 3*i - 1. Let w be p(1). Suppose 0 = 4*g - w - 190. List the prime factors of g.
2, 13
Let t(j) = j**2 - 4*j - 5. Let d be t(6). Suppose -d - 293 = -5*g. List the prime factors of g.
2, 3, 5
Suppose g - 4*d + 39 - 563 = 0, -g = 2*d - 530. List the prime factors of g.
2, 3, 11
Let n = -3800 + 6616. List the prime factors of n.
2, 11
Let k be (-342)/(-81) - (-2)/(-9). Let j = 1 + k. Suppose 29 = j*s - 16. List the prime factors of s.
3
Let w = 97 + 96. Let y = w - 138. Suppose 5*k - a - 24 = 31, -y = -3*k + 5*a. What are the prime factors of k?
2, 5
Suppose 138 = -b + 584. What are the prime factors of b?
2, 223
Let v be ((-22)/(-4))/((-6)/(-12)). Let h = 10 - v. List the prime factors of (1*-16)/h - 2.
2, 7
Suppose 36876 = 13*q - 10977. List the prime factors of q.
3, 409
Let u be ((-16)/(-2))/(10 + -8). Suppose 17 = u*t - 15. Suppose -t = -d + 23. What are the prime factors of d?
31
Let t(p) = 133*p**2 - 25*p + 81. What are the prime factors of t(4)?
3, 19, 37
Let q be ((-3 - -49) + 5)*-1. Suppose 0 = 5*x - 644 + 179. Let g = q + x. What are the prime factors of g?
2, 3, 7
Let f = -15 + 15. Let v = 0 + f. List the prime factors of (v + -3 - -3) + 35.
5, 7
Let w = -1215 - -3154. What are the prime factors of w?
7, 277
Let n = -3 + 3. Let c(l) = -8*l + 62. List the prime factors of c(n).
2, 31
Let q(z) = z**2 + 6*z + 13. Let v be q(-4). Suppose v*r - 13 - 227 = 0. List the prime factors of r.
2, 3
Suppose 0*v + 3*v = -5*k + 244, 0 = 2*v - 3*k - 169. Let t = -52 + v. List the prime factors of t.
31
Let q(v) = v**3 + 5*v**2 - v - 1. Let c be q(-5). Suppose 0*y = c*y + 2*o, -o = -2. What are the prime factors of 12*-2*y/1?
2, 3
Let o be 15/45 + 0 + 20/3. Suppose n - o*n = -150. List the prime factors of n.
5
Suppose 14 = 5*c - 11, -m - 4*c + 154 = 0. Suppose 0 = -g - 3*a + m, -3*g + 270 = 3*a - 120. Suppose 2*t + 2*t = g. What are the prime factors of t?
2
Let y(x) = 3*x**3 - 11*x**2 + 12*x - 8. Let b be y(8). List the prime factors of (1/(4/(-3)))/((-5)/b).
2, 3, 23
Let b = -379 - -629. What are the prime factors of b?
2, 5
Let a(i) = -8*i - 17. Suppose 5*x - 166 = -4*t, -5*t + 0*t = 5. Suppose 23 - x = c. List the prime factors of a(c).
71
Let w(s) = s**3 + 5*s**2 - s - 2. Let y be w(-5). Suppose 2*t - y*t = -5. Let o = 1 + t. What are the prime factors of o?
2, 3
Let s(r) = -r**3 - 8*r**2 + 11*r. Let g be s(-8). Let h = -61 - g. What are the prime factors of h?
3
Suppose 0 = -5*f - c + 22397, 0 = -f - 2*f - 2*c + 13434. List the prime factors of f.
2, 5, 7
Suppose 3*a - 14 = -2. Suppose 5*c + 4*s - 470 = 0, a*c - 4*s = 2*c + 188. What are the prime factors of c?
2, 47
Let o(m) = m**3 - 10*m**2 + 12*m - 3. Suppose -p = -4 - 5. Let w be o(p). Suppose -2*a = 3*f - 0*f - w, -3*f = -4*a - 42. What are the prime factors of f?
2, 5
What are the prime factors of ((-30)/15 - 1847)/((-1)/1)?
43
Let b(p) = -p**3 - 12*p**2 - 6*p - 14. Suppose 0 = -m - 3*q - 3, 3*q + 16 = -3*m - 11. List the prime factors of b(m).
2, 29
Suppose 4*c + 24 = 2*w, -5*c + 8*c = -5*w - 5. Suppose w*b + 1 = -1. What are the prime factors of -1 + (-2 - 17)*b?
2, 3
Suppose 0 = -4*k + 2*s + 11106, 11*k - s - 13878 = 6*k. List the prime factors of k.
3, 5, 37
List the prime factors of 3 + (-6625)/(-3 + -2).
2, 83
Let y(w) = w + 14. Let d be y(-6). What are the prime factors of d/10*945/14?
2, 3
Let i(r) be the first derivative of 5*r**2 - 1/3*r**3 + 0*r - 7. List the prime factors of i(6).
2, 3
Let o be 1 + (17 - (0 + -2)). Suppose -11*q - 9 = -2*q. Let b = q + o. What are the prime factors of b?
19
Let g be (-96)/(-44) - (-2)/(-11). Suppose 0*m - g*m + 20 = 0. Suppose o - 4*d = -0*o + 26, -o = 5*d + m. List the prime factors of o.
2, 5
Let s(r) = r**3 + 6*r**2 - 7. Let w be s(-4). Suppose 85 = 2*j - w. What are the prime factors of j?
5, 11
Suppose -2 = -4*s + 22. Let d = s - 8. What are the prime factors of -1 + 25 - (-1 + d)?
3
What are the prime factors of (-4)/18 - 114656/(-144) - 5?
7, 113
Let i = 39 - 5. Suppose -i*r = -36*r + 218. List the prime factors of r.
109
What are the prime factors of ((-111)/(-185))/((-1)/(-465))?
3, 31
Suppose 1 = l - 2. Suppose -5*r - 4 = -7*r. Suppose r*h = -4*n + 62, -2*n + l*h = n - 51. List the prime factors of n.
2
Let o be ((-8)/(-20))/(2/(-20)). Let t be (-2 + 2)*2/o. Suppose t = 3*n - 5*n + 44. What are the prime factors of n?
2, 11
Let p(j) = -3*j**2 + j**3 - 12 - 2*j + 3*j**2 + 53. What are the prime factors of p(0)?
41
Suppose -7*z + 2*z + 7 = n, -5*n + 4*z + 6 = 0. Suppose -2*p + 2*i + 158 = 0, 0 = -0*p - n*p + i + 160. What are the prime factors of p?
3
Let m(o) = 63*o + 2. Let h be m(3). Let k = -126 + h. Suppose 4*f = 83 + k. What are the prime factors of f?
37
Suppose -5*r - i + 2163 = 0, 3*r = 5*i - 182 + 1463. List the prime factors of r.
2, 3
List the prime factors of ((-114)/8)/((-121)/15972).
3, 11, 19
Let n(z) = z**3 + 5*z**2 + 3*z + 1. Let w be n(-4). Suppose 2*c - h - 28 = 0, w*c - 48 = -h - 2*h. What are the prime factors of 2/(-8) - (-243)/c?
2, 5
Suppose -1823 + 429 = -p. List the prime factors of p.
2, 17, 41
Suppose -33*d = -3962 - 11086. List the prime factors of d.
2, 3, 19
Let u be 4 - (-4 + -17 - 0). Let z = -57 + u. What are the prime factors of z/6*(-126)/24?
2, 7
Let j = -32 - -92. What are the prime factors of j?
2, 3, 5
Let r be (-1 + 1)/4 - 2*-6. Suppose r*m - 8*m = 776. List the prime factors of m.
2, 97
Suppose -15*t + 17250 = -5*t. What are the prime factors of t?
3, 5, 23
Suppose 4*o - 74 + 54 = 0. Suppose -574 = -o*p - 154. List the prime factors of p.
2, 3, 7
Suppose 0 = -6*w - 744 + 1788. List the prime factors of w.
2, 3, 29
Let k = -75 + 48. Let r = -16 - k. What are the prime factors of r?
11
Let t = -10 + 13. Suppose -4*j = 2*b - 2*j - 36, 2*b - 34 = -t*j. Let y = b + 1. List the prime factors of y.
3, 7
Suppose y - g - 5 = 0, -2*y - 3*g - 11 = -3*y. Suppose -4*p - p - y*j + 293 = 0, 4*p - 240 = -3*j. List the prime factors of p.
3, 19
Suppose o + 34 = -4*o - 2*j, -2*o + 2*j - 8 = 0. Let a = o - -13. Suppose 47 = -a*y + 8*y. List the prime factors of y.
47
Let d = -125 - -229. Let j = d - 39. What are the prime factors of j?
5, 13
Let u = 9 - 9. Suppose h - 3*n = 44, -2 = -n - u. List the prime factors of h.
2, 5
Let b = 25 - 35. Let z = b + 10. Suppose z*l + 26 = 2*l. List the prime factors of l.
13
Suppose t = 6*t. Suppose 3*c + p + 8 = t, 2*c + 5*p + 12 = c. List the prime factors of 27 + 2/c + -2.
2, 3
Suppose 7*l = -200 + 578. List the prime factors of l.
2, 3
Let r be 4/6 + (-63)/(-27). Suppose 3*m = -2*v + 4*v - r, 2*v - 9 = -3*m. Suppose -2*l - 40 = -v*l. List the prime factors of l.
2, 5
Let o(c) = c**2 - c - 30. Let t be o(-6). What are the prime factors of 9176/48 - 2/t?
191
Suppose 17*p = 12*p + 685. Suppose 3*c = -v + p + 43, c = v - 164. What are the prime factors of v?
2, 3, 7
Let y be (0 + -2)/(18/(-99)). Let k = y + -7. List the prime factors of (-12)/k + (26 - -1).
2, 3
Suppose -52 = 4*n + 2*g, 0 = -2*n - 3*g - 22 + 4. Let w = 84 - n. List the prime factors of w.
3, 11
Suppose -4125 = -11*a - 0*a. List the prime factors of a.
3, 5
Let s(b) = -2*b**2 + 4*b - 12. Let o(j) = -j**2 + 3*j - 11. Let m(l) = -3*o(l) + 2*s(l). List the prime factors of m(-3).
3
Suppose -